5007
List the prime factors of 51797065.
5, 173, 233, 257
What are the prime factors of 2745926929?
2745926929
List the prime factors of 35856423.
3, 3984047
List the prime factors of 110279569.
7583, 14543
List the prime factors of 2614848.
2, 3, 13619
List the prime factors of 29096078.
2, 11, 17, 77797
What are the prime factors of 769593708?
2, 3, 13, 19, 23, 53, 71
What are the prime factors of 603090041?
47, 2879, 4457
What are the prime factors of 266158570?
2, 5, 26615857
What are the prime factors of 398559820?
2, 5, 19927991
What are the prime factors of 232143793?
7, 33163399
What are the prime factors of 396953165?
5, 7, 1620217
What are the prime factors of 28120348?
2, 31, 226777
What are the prime factors of 6942698337?
3, 2314232779
What are the prime factors of 2552007437?
7, 281, 1297411
What are the prime factors of 855282240?
2, 3, 5, 17, 647
List the prime factors of 122299785.
3, 5, 17, 159869
What are the prime factors of 947564643?
3, 433, 729457
List the prime factors of 122710793.
5827, 21059
What are the prime factors of 47047487?
353, 133279
List the prime factors of 643735765.
5, 29, 1069, 4153
List the prime factors of 791551517.
791551517
What are the prime factors of 527578759?
29, 18192371
What are the prime factors of 46084604?
2, 197, 233, 251
What are the prime factors of 193463281?
11, 17, 23, 31, 1451
List the prime factors of 250213725.
3, 5, 370687
What are the prime factors of 33022992?
2, 3, 443, 1553
What are the prime factors of 83568544?
2, 59, 44263
What are the prime factors of 170502514?
2, 7, 13, 936827
What are the prime factors of 1902201?
3, 7, 239, 379
List the prime factors of 2278605686.
2, 7, 162757549
List the prime factors of 36663037.
36663037
List the prime factors of 18598607.
103, 180569
List the prime factors of 6775235.
5, 1355047
List the prime factors of 203851487.
7, 29121641
What are the prime factors of 4648731?
3, 1549577
List the prime factors of 207543985.
5, 11, 3773527
What are the prime factors of 849879931?
849879931
List the prime factors of 71705628.
2, 3, 23, 28867
List the prime factors of 26281799.
53, 79, 6277
List the prime factors of 79445680.
2, 5, 23, 43177
What are the prime factors of 5029398?
2, 3, 11, 8467
List the prime factors of 10080744.
2, 3, 149, 2819
List the prime factors of 56802805.
5, 11360561
List the prime factors of 531308458.
2, 265654229
List the prime factors of 1215575642.
2, 211, 2880511
List the prime factors of 2958823.
7, 422689
What are the prime factors of 31391654?
2, 7, 31, 10333
What are the prime factors of 5924530696?
2, 7, 127, 833033
What are the prime factors of 3154651577?
7, 11, 1549, 26449
What are the prime factors of 25964704?
2, 787, 1031
List the prime factors of 114429766.
2, 11, 29, 179357
What are the prime factors of 399057437?
19, 1237, 16979
List the prime factors of 567080899.
7, 11, 193, 3469
What are the prime factors of 92131088?
2, 7, 822599
List the prime factors of 3699988.
2, 924997
What are the prime factors of 983530539?
3, 36427057
List the prime factors of 7393972543.
1483, 4985821
What are the prime factors of 271692654?
2, 3, 45282109
List the prime factors of 3082604500.
2, 5, 61, 211, 479
List the prime factors of 70519148.
2, 7, 139, 18119
List the prime factors of 170873507.
7, 24410501
List the prime factors of 1050603628.
2, 1481, 177347
List the prime factors of 181496012.
2, 17, 41, 65099
What are the prime factors of 6221906533?
6221906533
What are the prime factors of 249723440?
2, 5, 3121543
List the prime factors of 70381438.
2, 431, 81649
List the prime factors of 666096403.
7, 163, 583783
List the prime factors of 296963781.
3, 73, 1355999
What are the prime factors of 27225535?
5, 5445107
What are the prime factors of 205552109?
7, 1163, 3607
List the prime factors of 1313969512.
2, 197, 833737
List the prime factors of 547338050.
2, 5, 7, 109, 14347
What are the prime factors of 521158311?
3, 23, 829, 3037
List the prime factors of 54693392.
2, 13, 262949
What are the prime factors of 665698155?
3, 5, 17, 19, 137399
What are the prime factors of 2177940763?
31531, 69073
List the prime factors of 827409289.
7, 229, 516163
What are the prime factors of 112015124?
2, 13, 2154137
List the prime factors of 738939647.
12379, 59693
What are the prime factors of 71989908?
2, 3, 23, 97, 2689
What are the prime factors of 49538069?
7, 1010981
What are the prime factors of 23809867?
2417, 9851
List the prime factors of 315686871.
3, 35076319
List the prime factors of 169865435.
5, 67, 257, 1973
What are the prime factors of 20145455?
5, 11, 157, 2333
List the prime factors of 353254986.
2, 3, 7, 934537
What are the prime factors of 697005911?
7, 47, 1063, 1993
List the prime factors of 196840262.
2, 41, 941, 2551
What are the prime factors of 2242643690?
2, 5, 7, 59, 191, 2843
What are the prime factors of 1115937090?
2, 3, 5, 12399301
List the prime factors of 304397866.
2, 31, 4909643
List the prime factors of 178164512.
2, 223, 24967
What are the prime factors of 49180866?
2, 3, 7, 59, 89, 223
List the prime factors of 77037283.
881, 87443
What are the prime factors of 247249545?
3, 5, 991, 16633
List the prime factors of 6086177369.
6086177369
List the prime factors of 39914376.
2, 3, 1663099
What are the prime factors of 211956903?
3, 23550767
What are the prime factors of 5502892669?
23, 1583, 151141
List the prime factors of 2849440513.
103, 709, 39019
List the prime factors of 504082518.
2, 3, 2731, 30763
List the prime factors of 34283309.
34283309
What are the prime factors of 972873719?
401, 2426119
List the prime factors of 52682511.
3, 7, 2508691
What are the prime factors of 2189576371?
6047, 362093
What are the prime factors of 7802447?
7802447
What are the prime factors of 30851910?
2, 3, 5, 342799
What are the prime factors of 712362050?
2, 5, 17, 127, 6599
What are the prime factors of 11848862?
2, 397, 14923
What are the prime factors of 4330384881?
3, 1443461627
What are the prime factors of 66895406?
2, 61, 548323
What are the prime factors of 1147959930?
2, 3, 5, 13, 1039, 2833
List the prime factors of 85831850.
2, 5, 13, 132049
List the prime factors of 1175217086.
2, 83, 2089, 3389
List the prime factors of 21535498.
2, 17, 23, 27539
What are the prime factors of 92850072?
2, 3, 7, 43, 12853
What are the prime factors of 303450616?
2, 7, 37, 137, 1069
What are the prime factors of 78112842?
2, 3, 13018807
List the prime factors of 95596187.
461, 207367
What are the prime factors of 35137116?
2, 3, 7, 19919
What are the prime factors of 1320973618?
2, 521, 839, 1511
List the prime factors of 1554661206.
2, 3, 7, 19, 41, 47, 337
What are the prime factors of 475599965?
5, 95119993
What are the prime factors of 57182302?
2, 28591151
What are the prime factors of 437815775?
5, 53, 330427
What are the prime factors of 350644397?
17, 1123, 18367
List the prime factors of 93636336.
2, 3, 1950757
List the prime factors of 2782761623.
61, 863, 52861
List the prime factors of 367751673.
3, 41, 996617
What are the prime factors of 1691702908?
2, 7, 60417961
What are the prime factors of 35218173?
3, 11739391
List the prime factors of 5364851742.
2, 3, 19, 43, 601, 607
List the prime factors of 704634576.
2, 3, 29, 53, 9551
What are the prime factors of 516932916?
2, 3, 43077743
List the prime factors of 44776257.
3, 61, 307, 797
What are the prime factors of 821573542?
2, 410786771
List the prime factors of 137168612.
2, 7, 1201, 4079
What are the prime factors of 32088479?
53, 605443
What are the prime factors of 1586334363?
3, 528778121
List the prime factors of 5728618773.
3, 1559, 408283
List the prime factors of 435346369.
23, 67, 71, 173
What are the prime factors of 21778308?
2, 3, 67217
What are the prime factors of 41753553?
3, 97, 143483
List the prime factors of 90177538.
2, 11, 197, 20807
List the prime factors of 135226398.
2, 3, 17, 137, 9677
List the prime factors of 117771391.
8161, 14431
List the prime factors of 1523158.
2, 7, 13, 8369
List the prime factors of 3907246673.
11, 355204243
List the prime factors of 25690005.
3, 5, 11, 51899
What are the prime factors of 112762519?
112762519
What are the prime factors of 120261742?
2, 60130871
What are the pri